3, 11
Suppose -x + 4*s = -1560, -9*x + 4*x - s = -7842. What are the prime factors of x?
2, 7
Let b = 21131 - 1149. List the prime factors of b.
2, 97, 103
Let y(l) = 8*l**3 - l**2 - 2*l + 2. Let w be y(1). Suppose 2*r - w*r - 40 = 0. List the prime factors of r/6*((-316)/8 - 1).
2, 3
Let x(t) = -t**3 - 2*t**2 - 6*t + 15. Let k(c) = -2*c**2 + 13*c - 11. Let j be k(6). List the prime factors of x(j).
2, 3, 5
Suppose 144*d - 10250717 = -49*d + 3844652. What are the prime factors of d?
199, 367
Let b(v) = 3*v**2 + 7*v - 13. Let f be b(-16). Suppose -4*y + f + 341 = 0. List the prime factors of y.
2, 3, 41
Let d = -11 - -10. What are the prime factors of (2 - 4)/(d*6/1431)?
3, 53
Let a(y) = 170*y**2 - 12*y + 104. List the prime factors of a(-8).
2, 5, 277
Suppose 402992 = 2*l + 14*l. What are the prime factors of l?
89, 283
Let n(x) = 174*x + 357. List the prime factors of n(53).
3, 31, 103
Suppose 46*u - 52*u = -17238. Suppose 13*j - 2080 = u. What are the prime factors of j?
3, 127
Suppose 45*x - 5626 - 20744 = 0. Suppose -x*t = -594*t + 5248. What are the prime factors of t?
2, 41
Let i = -24003 - -36582. List the prime factors of i.
3, 7, 599
Let b(y) = 24*y + 30*y + 13 + 32*y - 87*y. List the prime factors of b(6).
7
Let l(z) = -z - 10. Let m be l(-11). Let k(f) = 4*f - 1. Let v be k(m). Suppose 0 = -0*d - 4*d + 2*g + 436, -v*d - 3*g + 345 = 0. List the prime factors of d.
3, 37
Let y be (-6)/(-16) + (-10245)/(-8). Let s = y - 432. What are the prime factors of s?
3, 283
Let n(k) = -17*k + 15. Let p(w) = -9*w - 163. Let f be p(-18). What are the prime factors of n(f)?
2
Let r(b) = 4*b + 30*b - 30*b - 19 + 15*b**2. List the prime factors of r(-6).
7, 71
Suppose -19*h - 53340 = -5*y - 14*h, 2*h + 10669 = y. Suppose -44*d = -y - 36105. List the prime factors of d.
1063
Suppose -2*c = -3*q + 20500 + 11438, -5*q + 2*c = -53238. List the prime factors of q.
2, 3, 5, 71
Suppose z + 0*z - 4 = -k, -4*z = -2*k + 2. Suppose -2*h - k*j + 791 = 0, h - j - 33 - 375 = 0. What are the prime factors of h?
13, 31
List the prime factors of (-159)/2*(9 + (-128 - -1)) + 2.
11, 853
Suppose -5*a + 128373 = 4*m, -56979 = -3*m + 4*a + 39293. What are the prime factors of m?
2, 71, 113
Suppose 8*f + 10 = 10. Suppose f = -6*v - 11 - 7. List the prime factors of (-575)/(-3) - ((-2)/v - 1).
2, 3
Let n(l) = 3*l**3 - 2*l**2 - 1. Suppose -19*r = -11*r - 32. What are the prime factors of n(r)?
3, 53
Let o(n) = -22*n + 1260. Let l be o(64). Let h = -8 + 1. List the prime factors of h/(56/12)*l.
2, 3, 37
Suppose 3*h - q + 5 = 0, -28*q + 31*q = 4*h + 5. What are the prime factors of ((-8028)/45 - 4)/(h/15)?
2, 3, 19
Suppose 30 = 5*p + 5*b, -4*p - 6*b + 3*b = -22. Let v be ((-14)/p)/(19/(-38)). Suppose 95 = v*q - 2*q. List the prime factors of q.
19
Suppose 50*f + 39418 = 249668. List the prime factors of f.
5, 29
Let k(s) = -15*s**3 - 8*s**2 - 2*s - 3. Let i be k(-6). Suppose 639 = -6*c + i. List the prime factors of c.
3, 43
Suppose 2*u - 4*u = -98. Suppose 46*r + 54 = u*r. Suppose -r*y + 240 = -15*y. What are the prime factors of y?
2, 5
Let w(p) = 2*p**3 + 18*p**2 + 17*p + 42. Let q be w(-8). Suppose 0 = -8*t - q*t + 23520. What are the prime factors of t?
2, 5, 7
Let g(a) = 34*a**2 - 163*a + 102. What are the prime factors of g(22)?
2, 3, 23, 47
What are the prime factors of -3393*(-15)/(-10)*4/(-6)?
3, 13, 29
Let v = -679 + 1100. Let f = v - 208. What are the prime factors of f?
3, 71
Let f(y) = -60*y**2 - 11*y + 17. Let v(q) = q**2 + q - 2. Let l(h) = -2*f(h) - 14*v(h). What are the prime factors of l(-2)?
2, 3, 67
Let u = 173 - 102. Suppose -314 = -b - u. What are the prime factors of b?
3
Let b(f) = -159*f**3 - 3*f**2 - 2*f - 1. Let h be (-8)/6 + (-1)/(-3). Let r be b(h). Let y = r - 3. List the prime factors of y.
2, 7, 11
Suppose 0 = -5*a + 6*a - 13. Let i(y) = -a*y + 8*y + 38 + 7*y. List the prime factors of i(0).
2, 19
Let v(s) = -s**3 - 26*s**2 + 61*s + 112. What are the prime factors of v(-35)?
2, 7, 643
Suppose 5*f - 43 = 12. Suppose 5*x + 4*d - 35 = 8*d, -2*x + f = -d. Suppose -x*t - 2*t + 845 = 0. What are the prime factors of t?
13
Let f = -838 - -841. Suppose 4*c - 5*c + 121 = 5*w, f*c - 2*w = 346. What are the prime factors of c?
2, 29
Let l(t) = -t**3 - t**2 - 3*t + 128. Let s(v) = 4*v - 14. Let q be s(5). Suppose -2*i - q = -6. List the prime factors of l(i).
2
Let k be ((-5)/((-10)/79))/((-7)/(-56)). Suppose -5*g - 5*u = -g - 879, -4*g + 2*u + 858 = 0. Let c = k - g. What are the prime factors of c?
2, 5
Suppose 0 = 6*c + 3*o - 256449, 6*c - 5*o = 10*c - 170945. List the prime factors of c.
5, 83, 103
Let r be (-16480)/(-36) - (33/(-27) - -1). Suppose i = -3*a + 686, -2*a + 7*i = 8*i - r. List the prime factors of a.
2, 3, 19
Suppose -220*f + 215*f = 3*d - 51338, 2*f + 3*d = 20537. What are the prime factors of f?
10267
Suppose -4*g - 7030 + 45982 = -2*j, j + 29215 = 3*g. What are the prime factors of g?
9739
Let l(g) = 3*g - 44. Let r be 2/((-4)/56*4). Let d be (-2)/14 + (-155)/r. List the prime factors of l(d).
2, 11
Let g(v) = -15 + v - v**3 + 15*v**2 + 26*v - 10*v. What are the prime factors of g(9)?
2, 3, 13
Suppose 8*v + 20943 = 53183. What are the prime factors of 2/4 - (-10 + v/(-4))?
2, 509
List the prime factors of -11450*(6/(-3))/(9 - 5).
5, 229
Let q = -11 - -17. Suppose 3*d = -u + 253 + 86, 2*u + q = 0. Let g = -11 + d. What are the prime factors of g?
103
Let y(o) = o**3 - 6*o**2 + 3*o + 4. Let l be y(-3). Let k = 90 + l. Suppose 0 = -2*t + 10, f = -k*f - 5*t + 665. List the prime factors of f.
2
Suppose 4*m + 54041 = 3*j, -4*m + 90079 = 126*j - 121*j. List the prime factors of j.
3, 5, 1201
Let h(u) = u - 11. Let t be h(9). Let o be t/7 - 4097/(-7). Let i = -327 + o. List the prime factors of i.
2, 3, 43
Suppose 4*u = 116 - 100, 2*a - 8994 = -3*u. What are the prime factors of a?
3, 499
Let b = -11199 - -23876. What are the prime factors of b?
7, 1811
Let h(i) = 4488*i - 2784. List the prime factors of h(3).
2, 3, 5, 89
Let j = 2909 - 870. What are the prime factors of j?
2039
Let b = -100 + 235. Let q = b - 86. List the prime factors of q.
7
Suppose -3*t + 3*z + 231 = 0, 3*z + 86 + 297 = 5*t. Suppose -4*u - 50 = -130. Let s = t + u. List the prime factors of s.
2, 3
Let i(z) be the second derivative of 65*z**3/6 - 34*z**2 + 44*z + 2. List the prime factors of i(3).
127
Suppose 0 = 5*h + 5*j - 17880, -45*h + 4*j + 10763 = -42*h. What are the prime factors of h?
3581
Suppose 0 = y - 3*y, -2*o - y = 3*o - 175. Suppose -2*q - 5 - 25 = 0. What are the prime factors of q/o - 2277/(-21)?
2, 3
Suppose -2 = -2*v, p + 887 = -0*p - 4*v. Let u = p + 1455. List the prime factors of u.
2, 3, 47
Let r be (-1)/(1/(-92*4/8)). Suppose -302 = -4*c - r. What are the prime factors of c?
2
Let t = 14 - 51. Let u = -23 - t. Suppose u = 6*h - 256. What are the prime factors of h?
3, 5
Suppose -4*v + 3*a = -4649 - 1758, -v = -5*a - 1589. List the prime factors of v.
2, 401
Suppose -3*p = -5*m - 54409 - 22436, 25632 = p + 4*m. What are the prime factors of p?
2, 3, 5, 7, 61
Suppose 9*o + 0*o = 45. Suppose 5*i - 1920 = -0*s - 5*s, -5*i = -o*s + 1940. List the prime factors of s.
2, 193
Let b(t) = 60*t**3 - 3*t**2 + 5*t - 1. Let m be ((-18)/(-15))/((-6)/(-10)). What are the prime factors of b(m)?
3, 53
Let r = 6 - 1. Suppose -r*u + 2 = 7. Let g(j) = -12*j**3 + j**2 - 2*j - 2. What are the prime factors of g(u)?
13
Let b = 17693 + -12113. List the prime factors of b.
2, 3, 5, 31
Let q(s) = -s**3 - 12*s**2 + 6*s + 28. Let u be q(-9). Let h = 605 + u. What are the prime factors of h?
2, 3, 7
Let r = 344 + -648. Let g = r - -441. List the prime factors of g.
137
Suppose 19*w - 44306 - 2018 = 18504. What are the prime factors of w?
2, 853
Let o be (2 - (3 - 4))/((-1)/(-5)). Suppose o*w - 1079 - 2446 = 0. Suppose -3*n + 270 + w = 5*c, -5*c - 2*n = -500. What are the prime factors of c?
2, 7
Let w be 550/35 - 6/(-21). Let l = w + -8. What are the prime factors of (-9)/24 + 163/l?
2, 5
Suppose -69448 = -2*b - 220*v + 224*v, 0 = 2*b - 5*v - 69447. List the prime factors of b.
2, 97, 179
Suppose 4*y - 12 = -s + 3*s, -2*y = 2*s - 12. Let q be 530/50 + (-1 - y/(-10)). Suppose 7*j + 80 = x + 2*j, -5*j = -q. What are the prime factors of x?
2, 3, 5
Suppose -4*o - 5 - 3 = 0. L